prime?
False
Is 3313391 composite?
True
Is 36997 composite?
False
Is 140351 a composite number?
False
Is 5953 a prime number?
True
Is 526993 a prime number?
True
Is 854507 a prime number?
False
Is 7061 a prime number?
False
Is 1761 composite?
True
Is 663937 prime?
True
Is 35729 composite?
False
Is 248467 composite?
True
Is 2391 a composite number?
True
Is 3269155 a prime number?
False
Is 156673 prime?
False
Is 119837 prime?
False
Is 1610751 a composite number?
True
Is 695759 a prime number?
False
Is 10727 a composite number?
True
Is 43799 a prime number?
False
Is 733 a prime number?
True
Is 2697931 prime?
True
Is 1249 a composite number?
False
Is 2121367 a prime number?
True
Is 34793 a composite number?
True
Is 214433 prime?
True
Is 1243 composite?
True
Is 66491 prime?
True
Is 22229 prime?
True
Is 440521 a composite number?
True
Is 307 a composite number?
False
Is 7369 a composite number?
False
Is 3433 prime?
True
Is 85369 composite?
False
Is 7231 a composite number?
True
Is 92107 a prime number?
True
Is 17401 prime?
True
Is 43379 a prime number?
False
Is 1471 a prime number?
True
Is 26165 composite?
True
Is 538357 composite?
False
Is 503743 a composite number?
False
Is 1437133 prime?
True
Is 102929 a composite number?
False
Is 33821 prime?
False
Is 3955983 a prime number?
False
Is 62993 composite?
True
Is 575243 composite?
False
Is 132413 composite?
True
Is 612923 composite?
False
Is 149722 composite?
True
Is 1068601 a composite number?
True
Is 313081 a prime number?
True
Is 6469 prime?
True
Is 24307 composite?
True
Is 88583 prime?
False
Is 2181 composite?
True
Is 12097 a composite number?
False
Is 26002 prime?
False
Is 2333 prime?
True
Is 25423 prime?
True
Is 1417 prime?
False
Is 111073 prime?
False
Is 329458 a prime number?
False
Is 151643 a composite number?
False
Is 208417 a composite number?
True
Is 9233 a composite number?
True
Is 119147 prime?
False
Is 217303 a composite number?
True
Is 213691 composite?
True
Is 6406 a composite number?
True
Is 1239073 a composite number?
True
Is 220243 prime?
True
Is 1936265 a composite number?
True
Is 136709 composite?
False
Is 676573 a prime number?
True
Is 180949 prime?
True
Is 319783 a prime number?
False
Is 135893 a composite number?
False
Is 2039 composite?
False
Is 916907 a prime number?
True
Is 212183 a composite number?
False
Is 2309 a prime number?
True
Is 10243 a prime number?
True
Is 535679 composite?
False
Is 47689 prime?
False
Is 211621 prime?
False
Is 22853 a prime number?
True
Is 2309 a composite number?
False
Is 22179 prime?
False
Is 187969 a prime number?
False
Is 54313 a prime number?
False
Is 73239 a composite number?
True
Is 15607 prime?
True
Is 319 a prime number?
False
Is 51097 prime?
False
Is 59581 a prime number?
True
Is 290683 prime?
False
Is 1397 a composite number?
True
Is 33451 prime?
False
Is 3677 a prime number?
True
Is 7789 prime?
True
Is 39685 a composite number?
True
Is 212183 a prime number?
True
Is 9893 a prime number?
False
Is 904463 composite?
True
Is 6385 composite?
True
Is 428719 prime?
False
Is 769 composite?
False
Is 50305 composite?
True
Is 453877 prime?
True
Is 1054817 a composite number?
True
Is 296011 prime?
True
Is 1067033 a composite number?
True
Is 25043 a prime number?
False
Is 2051 a prime number?
False
Is 124309 a composite number?
False
Is 17519 a composite number?
False
Is 4861 composite?
False
Is 2150457 a composite number?
True
Is 50101 a prime number?
True
Is 14501 composite?
True
Is 1998179 a prime number?
False
Is 596719 a composite number?
True
Is 2493413 a prime number?
False
Is 290929 a prime number?
False
Is 10133 a composite number?
False
Is 972787 a composite number?
False
Is 21313 a prime number?
True
Is 1228741 a prime number?
True
Is 61193 a composite number?
True
Is 50035 composite?
True
Is 5158 a prime number?
False
Is 2371 composite?
False
Is 1279813 a composite number?
False
Is 15661 composite?
False
Is 138499 composite?
True
Is 55949 composite?
False
Is 2999 a composite number?
False
Is 7901 composite?
False
Is 80633 composite?
True
Is 10771 composite?
False
Is 29741 composite?
False
Is 605317 a composite number?
True
Is 283243 a prime number?
False
Is 242867 a composite number?
False
Is 50411 a composite number?
False
Is 46009 a composite number?
True
Is 309769 a prime number?
True
Is 5490967 composite?
False
Is 377051 composite?
False
Is 13523 prime?
True
Is 667441 prime?
True
Is 4271 a composite number?
False
Is 103729 composite?
True
Is 110869 a prime number?
False
Is 841353 a prime number?
False
Is 92271 a composite number?
True
Is 243889 composite?
False
Is 25939 a composite number?
False
Is 71693 a composite number?
False
Is 423583 composite?
True
Is 47381 composite?
False
Is 7327 prime?
False
Is 227053 a prime number?
True
Is 449 composite?
False
Is 9409 a composite number?
True
Is 8939 a composite number?
True
Is 311951 a composite number?
False
Is 1091983 a prime number?
True
Is 18743 composite?
False
Is 33463 prime?
False
Is 1707 a prime number?
False
Is 303223 a composite number?
True
Is 39359 a prime number?
True
Is 125233 composite?
True
Is 925663 prime?
True
Is 7451 a composite number?
False
Is 109 a composite number?
False
Is 11561 composite?
True
Is 1865 a prime number?
False
Is 1278881 a prime number?
True
Is 11269 a prime number?
False
Is 26591 a composite number?
False
Is 892877 a composite number?
False
Is 2161 a composite number?
False
Is 14143 composite?
False
Is 668471 composite?
False
Is 11651 a prime number?
False
Is 6489457 a composite number?
True
Is 604673 a composite number?
True
Is 604057 prime?
True
Is 467 a prime number?
True
Is 708746 composite?
True
Is 55829 composite?
False
Is 14309 a composite number?
True
Is 35521 prime?
True
Is 120319 a prime number?
True
Is 1163 composite?
False
Is 55253 a prime number?
False
Is 8989 composite?
True
Is 119057 a prime number?
True
Is 1243 composite?
True
Is 3036731 a composite number?
False
Is 717343 a composite number?
True
Is 111797 a composite number?
True
Is 35963 a prime number?
True
Is 122897 composite?
True
Is 6899 prime?
True
Is 134737 a composite number?
True
Is 92021 a prime number?
False
Is 1885243 a prime number?
True
Is 2329 prime?
False
Is 1183447 a prime number?
True
Is 16118 prime?
False
Is 227729 a prime number?
True
Is 25257 a composite number?
True
Is 17162 prime?
False
Is 4861 a prime number?
True
Is 20771 composite?
False
Is 210179 a prime number?
False
Is 74419 a composite number?
False
Is 4327 prime?
True
Is 5779 a prime number?
True
Is 606667 a composite number?
True
Is 10685 a prime number?
False
Is 40201 composite?
True
Is 23367 a prime number?
False
Is 279878 a prime number?
False
Is 9829 a prime number?
True
Is 42857 a prime number?
False
Is 35951 a prime number?
True
Is 4327 composite?
False
Is 19181 composite?
False
Is 9197 a composite number?
True
Is 133681 prime?
False
Is 30257 a composite number?
True
Is 2019 a composite number?
True
Is 3137 composite?
False
Is 11731 composite?
False
Is 63659 composite?
False
Is 9587 a prime number?
True
Is 852043 composite?
True
Is 6613 composite?
True
Is 1781693 a prime number?
True
Is 877 prime?
True
Is 439 a prime number?
True
Is 955 composite?
True
Is 16307 prime?
False
Is 12205 composite?
True
Is 263489 a prime number?
True
Is 317771 prime?
True
Is 1233647 composite?
False
Is 206133 prime?
False
Is 95131 prime?
True
Is 40505 a prime number?
False
Is 48562 a composite number?
True
Is 898343 prime?
False
Is 475327 composite?
False
Is 2047 a composite number?
True
Is 21347 a prime number?
True
Is 2579 composite?
False
Is 1858 a prime number?
False
Is 682249 composite?
True
Is 75657 a composite number?
True
Is 6119 a composite number?
True
Is 94597 prime?
True
Is 85159 composite?
False
Is 1181501 composite?
False
Is 635 composite?
True
Is 7639 a composite number?
False
Is 353 a composite number?
False
Is 738443 composite?
False
Is 231949 a composite number?
True
Is 6029 prime?
True
Is 242147 prime?
True
Is 31619 composite?
True
Is 3371 composite?
False
Is 42899 prime?
True
Is 118291 a prime number?
False
Is 67171 prime?
False
Is 487 a prime number?
True
Is 7121 composite?
False
Is 206153 composite?
False
Is 103 prime?
True
Is 38593 a prime number?
True
Is 17057 a composite number?
True